ime factors of r.
7
Suppose -2 = -2*u + 2. Suppose 0 = 2*k + u*k. List the prime factors of 1 + -2 + (k - -13).
2, 3
Suppose r + 2 + 4 = 0. List the prime factors of (r/8)/((-1)/12).
3
Suppose 0 = -0*k - 12*k + 1020. List the prime factors of k.
5, 17
Let g be (-4)/14 + 26/(-7). Let k = -11 - -16. Let u = k - g. What are the prime factors of u?
3
Let k = 8 - 8. Suppose k*w - w + 17 = 0. What are the prime factors of w?
17
List the prime factors of (1 - 14/10)/(20/(-5300)).
2, 53
Let n = -65 + 126. What are the prime factors of n?
61
Let o(d) = -2 + 6*d**2 + 9*d**2 - 4*d**2 - 2*d + 1. List the prime factors of o(-1).
2, 3
Let m = 11 + -6. Suppose -m = -v - 3. List the prime factors of v + -1 + 4/1.
5
Suppose -3*i + i - 4*h = -446, 0 = 5*h - 10. List the prime factors of i.
3, 73
Let a = 8 - 16. Let x be 4/6 - a/6. Suppose 5*t + h = 59, -3*t + x*h = 6*h - 49. What are the prime factors of t?
11
Let k be (-1 + 197)*(-15)/30. Let c = k + 150. List the prime factors of c.
2, 13
Let d(v) = 2*v**2 + 10*v + 13. What are the prime factors of d(-7)?
41
Suppose 0*x - 3*x - 4*v + 57 = 0, 3*v - 83 = -4*x. Suppose 0 = 5*n + f - 115, 4*f - x = -n + 3*f. What are the prime factors of n?
23
Suppose z - 121 = 4*b, 3*b - 114 = -z - 14. List the prime factors of z.
109
Let p(v) = -v. Let u be p(-3). Suppose -2*o - u*o + 50 = 0. What are the prime factors of o?
2, 5
Suppose -2 + 6 = 2*i. Suppose 2*n + n = 3, -4*x = i*n - 34. What are the prime factors of x?
2
Let c = -52 - -31. Let g = 29 + c. What are the prime factors of g?
2
Suppose g - 117 = -2*f, -5*f = 5*g - 2*g - 293. What are the prime factors of f?
2, 29
Suppose -1747 = -4*a + h, 2*a - 764 = -5*h + 115. List the prime factors of a.
19, 23
Let q = 233 + -122. What are the prime factors of q?
3, 37
Let m(w) = -2*w + 26. What are the prime factors of m(-8)?
2, 3, 7
Suppose -47 - 55 = -2*g. List the prime factors of g.
3, 17
Suppose -372 = -4*y - 2*r, -3*y + r = -0*y - 279. Let x be y/2 + (-6)/4. Suppose 0 = -0*k + 3*k - x. What are the prime factors of k?
3, 5
Let w = 21 - 2. What are the prime factors of w?
19
Let k = -13 - -10. Let c = k - -5. Suppose -c = 5*y - 77. List the prime factors of y.
3, 5
Let n(t) = -t - 3. What are the prime factors of n(-8)?
5
Let h(y) be the second derivative of -y**4/12 - 11*y**3/6 - 6*y**2 + 2*y. What are the prime factors of h(-8)?
2, 3
Suppose -4*w + 22*c = 25*c - 375, 0 = 4*c - 20. List the prime factors of w.
2, 3, 5
Let h(z) = -5*z + 4. Let t be h(-3). Suppose -3*o = 4*g - o - 50, t = 2*g - 5*o. What are the prime factors of g?
2, 3
Suppose -3*t + 107 = -37. What are the prime factors of t/(-9)*-6 - 2?
2, 3, 5
Let l be (-3)/(-6)*(-4)/(-1). Suppose -l*x = -4*x + 10. List the prime factors of x.
5
List the prime factors of 2/(-5) - (-1364)/10.
2, 17
Let r(i) = 7*i + 7. Let v(p) = p + 1. Let y(j) = 6*r(j) - 39*v(j). Let a be y(-5). Let z = -8 - a. List the prime factors of z.
2
Let i = 28 + 40. Let m = 46 + -33. Suppose -m = 5*c - i. List the prime factors of c.
11
Let p(z) = 31*z - 5. What are the prime factors of p(2)?
3, 19
Let o(y) = y**3 + 7*y**2 - 2. Let j be o(-7). Let n be (-6)/(-1) + 3 + j. Let x = 15 - n. What are the prime factors of x?
2
Let o(s) = 2*s - 13. Let g be o(10). Suppose g*m = 5*m + 32. What are the prime factors of m?
2
Let q be (-4)/8*3*-98. Suppose 4*z + 15 = -0*u + u, 5*u - q = -4*z. What are the prime factors of u?
3
Let c be (0/(-4))/(2/(-1)). Suppose b + c*b = 7. Suppose 2*p = b*p - 50. What are the prime factors of p?
2, 5
What are the prime factors of -170*2/(-5)*1?
2, 17
Let a be -5 + -2 + 1 + 3. Let q = a - -5. List the prime factors of q.
2
Let k = 0 + -10. What are the prime factors of k/(-50) - (-19)/5?
2
Let j(b) = b + 9. Let s be j(-7). Suppose -s - 1 = -m. Suppose t - 80 = -m*t. What are the prime factors of t?
2, 5
Let m(s) = -10*s + s**2 - 7 + 0 - 2*s**2 + 2. Let i be m(-9). Suppose -9 = -i*z + 11. What are the prime factors of z?
5
Let m be (-238)/26 + (-18)/(-117). Let u = 10 - m. List the prime factors of u.
19
Let s(z) = -z**2 + 7*z - 6. Let a be s(6). Suppose a*j + 3*j = 42. List the prime factors of j.
2, 7
Let r(f) = -44*f + 13. List the prime factors of r(-4).
3, 7
Suppose m - 200 = -3*m. What are the prime factors of m?
2, 5
List the prime factors of ((-2)/((10/29)/(-5)))/1.
29
Let l be ((-3)/(-9))/((-2)/(-36)). Suppose 3*n + l = 24. List the prime factors of n.
2, 3
Let f(h) = -h**3 - 20*h**2 - 25*h - 17. What are the prime factors of f(-19)?
97
Let b be (-7 + 10)*3/1. List the prime factors of ((-342)/(-27))/(2/b).
3, 19
Suppose 0 = -0*l + 2*l - 1168. Suppose 3*b - l = 7*b. What are the prime factors of (-6)/24 - b/8?
2, 3
Let f(p) = -p**2 - 4*p - 3. Let g be f(-2). Suppose 0 = m - 1 - g. Let w(s) = 10*s - 1. List the prime factors of w(m).
19
Let q(j) = 5*j**2 + 9*j - 14. Let l(t) = -t**2 + 1. Let k(o) = -6*l(o) - q(o). Let n be k(8). Suppose -40 = -5*r - 5*i, 2 = -i - n. List the prime factors of r.
2, 5
Let v(i) = 4*i**3 - 3*i**2 + 2*i - 1. What are the prime factors of v(2)?
23
Let v(x) = 6*x + 10. Let q be v(7). Suppose -4*j + q = -12. What are the prime factors of j?
2
Let d(n) be the third derivative of -1/24*n**4 + 0 - 3*n**2 + 5/6*n**3 + 0*n. List the prime factors of d(-4).
3
Let y(n) = 11*n + 41. List the prime factors of y(14).
3, 5, 13
Let b(k) = k**3 + 5*k**2 + 5*k + 4. Let f be b(-4). Suppose -32 = -4*z - f. Suppose 6 = x - 3*n, -4*x + 26 = -2*n - z. What are the prime factors of x?
3
Suppose i + 0 + 2 = 0. What are the prime factors of (-1)/(-1*i/(-20))?
2, 5
Let q = 22 - 20. Suppose -4*t - 64 = -2*b, -q*b + 71 = b - t. List the prime factors of b.
2, 11
What are the prime factors of 4 - (-5 + 3 + -425)?
431
Let u(j) = j**2 - 4*j - 4. Let n be u(4). Let m = n + 10. Let l = m - 4. List the prime factors of l.
2
Let d = -28 + 51. Suppose 5*o = 77 + d. List the prime factors of o/3 + (-2)/(-6).
7
Suppose -6*p = -2*p - 64. Suppose 16 + p = 2*r. What are the prime factors of r?
2
Suppose 7*l - 4*l - 9 = 0, -101 = -b - 4*l. What are the prime factors of b?
89
Let b be (7 + -3)/(2/3). Suppose 0 = -b*l + 2*l. Let v = 6 + l. List the prime factors of v.
2, 3
Let h be (-3)/(2/4*-2). Suppose 0 = 5*o - 2*v - 51, 0 = 5*o + 4*v - h*v - 57. List the prime factors of o.
11
Let o = -1022 - -592. What are the prime factors of 3/2*o/(-15)?
43
Suppose 5*p - 800 = 5*l, l + 765 = 5*p + 3*l. List the prime factors of p.
5, 31
Suppose -i - 2 = -3. Suppose v + 2*c - i = 0, -2*c = 4*v - 0*c - 16. List the prime factors of v.
5
Let c be 3*2/(-10)*-5. Suppose -2*x - 67 = -c*r, -3*x + 2 = -1. What are the prime factors of r?
23
Suppose -k = 2*k - 66. Let f = k - 14. Suppose 3*t - 5*t + 5*w = 6, -4*w = -f. What are the prime factors of t?
2
Let o be 12 - -2*(1 + -2). Let j = o + -17. List the prime factors of (2 + 0)/((-2)/j).
7
Let d = 155 + -123. What are the prime factors of d?
2
Let d = 8 + -5. Suppose -105 = d*m + 42. List the prime factors of 4/(-14) + (-504)/m.
2, 5
Let p(w) = w - 5. Let c be p(6). List the prime factors of (2 - -2)/1*c.
2
Suppose 4*v - 4*z = -12, -4*v + z - 3 = 21. What are the prime factors of v + 10 - (-2 + 1)?
2
Suppose -5*o - 3*g + 124 = -53, 2*o = g + 73. Let b = o + -6. What are the prime factors of b?
2, 3, 5
List the prime factors of (-85)/(-5) + (-1 - 0).
2
Let w = -3 - -23. Suppose w = -3*m + 89. List the prime factors of m.
23
Let f(w) = 22*w**2 - w + 2. What are the prime factors of f(-3)?
7, 29
Let o be 121/(-7) - 4/(-14). What are the prime factors of o/(-1 + 0/2)?
17
Let g(c) be the second derivative of 7*c**5/4 + c**4/12 - c**3/6 + c**2/2 + 3*c. Let q be g(1). Suppose z - q = -z. What are the prime factors of z?
2, 3
Let z(t) be the third derivative of t**5/30 - t**4/12 - 7*t**3/6 + 7*t**2. List the prime factors of z(-3).
17
Let q(m) = 1 - 3 + 3 + 3*m - 4 + 2*m**2. Suppose 0 = f + 4*y + 11, f + 2*f + 15 = -3*y. What are the prime factors of q(f)?
2, 3
Suppose 23*l - 820 = 19*l. What are the prime factors of l?
5, 41
Let b = 48 - 31. What are the prime factors of b?
17
Let i be (-2 + 3)*-8 + 0. Let m = 4 + i. Let g = 0 - m. List the prime factors of g.
2
Let z = 0 - 7. Let w = 18 - 21. Let f = w - z. List the prime factors of f.
2
Let f(p) = 2*p - 3 + 4*p**2 - p**3 + 0*p**3 + 0*p. Let g(o